common factor of 175 and k?
7
Let x = -2599 + 3227. Calculate the highest common divisor of x and 2983.
157
Suppose 18 = 5*i - 2. Suppose -4*k + 484 = i*w, 4*w - 2*k - 502 = -0*k. Let c = w - 39. What is the highest common factor of 34 and c?
17
Let i = -20304 + 20384. Suppose -4*k + 396 + 84 = 0. Calculate the highest common factor of k and i.
40
Let l = 1209 + -1081. Suppose 4*r = 8*r - 192. Calculate the highest common factor of l and r.
16
Let k = 6573 + -6534. Calculate the highest common factor of 13 and k.
13
Let n = -1991 + 2002. What is the highest common factor of n and 4059?
11
Suppose 10*l - 92*l = 23*l - 78960. Calculate the greatest common divisor of l and 32.
16
Suppose -4*a + 1056 = -a. Suppose -4*p + 2*o + 17 = -3*p, 5*p = -3*o + 46. Calculate the highest common divisor of p and a.
11
Suppose 10*x - 276 = 4*x. Let t = 50 - x. Suppose -3*r - 4*y = -85, -t*y = -0*y - 16. What is the highest common divisor of 46 and r?
23
Suppose -2*p + 79 = 5*r, -42 = -7*r + 4*r - 3*p. Suppose 757 = r*u - 1844. Calculate the highest common divisor of 18 and u.
9
Let n(h) = -66*h + 4. Let c be n(-2). Let j(u) = -3*u + 4. Let o be j(-4). Calculate the highest common divisor of o and c.
8
Suppose -c - 12 = -4*c. Let m(g) = g**2 + 3*g. Let r be m(c). Suppose -r = -w - w - 4*s, 0 = 3*w - 3*s - 24. Calculate the greatest common divisor of 30 and w.
10
Let d = 5137 + -4358. What is the greatest common factor of d and 133?
19
Suppose 11*m - 7*m - 16 = 0. Suppose 0 = -2*c + 5*i - 46, 2*i = 3*i - 2. Let r be 0 - m - 558/c. Calculate the greatest common factor of 9 and r.
9
Let i(p) = -120*p**3 - p**2 - p. Let s be i(-1). Suppose 0*w = -3*w + s. Suppose 2*z - 98 = -6*z + 62. Calculate the greatest common divisor of z and w.
20
Let f be (203 + -3)/(8/216*9). Suppose -63*y + 33*y + f = 0. Let k(c) = 4*c**3 + c**2. Let z be k(1). What is the greatest common divisor of y and z?
5
Suppose 4*z - 1271 = -3*s, 0 = 5*z - 6*z + 3*s + 329. What is the highest common divisor of 280 and z?
40
Let q = 8652 + -6429. What is the highest common divisor of 156 and q?
39
Let n = -2 - -26. Let h(v) = 132*v**2 + 11*v + 11. Let i be h(-1). What is the greatest common factor of n and i?
12
Suppose -8*s + 3*s = -70. Let g be 6/(-21) - (-60)/s. Suppose o = 3 + g. Calculate the greatest common divisor of 28 and o.
7
Suppose -4*d = -u + 25, 4*u - 1 = 3*d + 8. Let v be -1*3*(3038/21)/d. Calculate the highest common divisor of 1054 and v.
62
Let u be (338/91)/(-13) - (-2568)/21. What is the highest common factor of u and 427?
61
Let r = 34304 - 34232. What is the greatest common factor of r and 8244?
36
Suppose 6*g + 68 = 500. Suppose -4*s + 12*s = g. Suppose -s*l + 4*l = -135. What is the highest common factor of 189 and l?
27
Suppose -1219*k + 381*k = -2719 - 10689. Suppose 0*r + 2*r = 128. Calculate the greatest common divisor of k and r.
16
Suppose 0 = 2*j - 13*j + 33. Suppose -3*o - 2*t + 86 + 26 = 0, -j*o + 5*t = -140. Let v = -13 + 113. What is the highest common factor of v and o?
20
Let y be 54 + 7 - (-98)/((-210)/15). What is the highest common factor of 657 and y?
9
Let u = -208 + 204. Let m be 5*(u - (2110/(-25))/1). What is the greatest common factor of 6 and m?
6
Let y(h) = -h**3 - 26*h**2 + 28*h + 38. Let u be y(-27). Suppose 10*v + 825 = 15*v. Calculate the highest common factor of u and v.
11
Let u = 10 + -4. Suppose 0*z + 2*z = 170. Let n = z - 31. What is the highest common factor of n and u?
6
Let o = 103 + -156. Let a = o - 51. Let u = -80 - a. What is the greatest common factor of u and 12?
12
Let r = 53 - 38. Suppose 14*a - 9*a - r = 0. Suppose a*m + 22 = 55. What is the highest common divisor of 22 and m?
11
Let d(o) = 7539*o + 311. Let p be d(3). Calculate the greatest common factor of p and 16.
16
Suppose -6 + 14 = 4*s. Let v = -523 + 135. Let k be (20/(-15))/(-3 - v/132). What is the greatest common divisor of s and k?
2
Let n(v) be the first derivative of -v**2/2 + 11*v - 23. Let c be n(8). Calculate the greatest common factor of c and 6.
3
Suppose 17*r + 23*r - 440 = 0. Suppose r*t + 696 = 17*t. Calculate the highest common divisor of t and 29.
29
Let k be (-215 + 81)/((-2*1)/1). Let y = 80 - k. Suppose 110 = 5*l - 2*h - 154, 0 = -l + 2*h + 56. Calculate the greatest common divisor of y and l.
13
Suppose -5665 = -36*i - 4909. Calculate the greatest common factor of 3507 and i.
21
Let c(z) = -10*z - 23. Let k = -52 - -56. Suppose k*p + 7 = -5. Let i be c(p). Calculate the highest common divisor of i and 63.
7
Suppose 5332 - 572 = 14*u. Suppose -4*c + 10 = -2*s, -8*s + 3*s - 55 = 5*c. Let f be -8*(s/4 - 2). Calculate the greatest common factor of u and f.
34
Suppose -49*n + y + 134 = -48*n, -2*y + 432 = 3*n. Calculate the highest common divisor of 665 and n.
35
Let u be 6/(36/(-6))*(0 - -27). Let n be u/(4/5 + -1). What is the greatest common divisor of n and 45?
45
Let d(v) = v**3 - 7*v**2 + 3*v - 9. Let r be d(7). Let b be 42/(-105) - 2494/(-10). Let f = -165 + b. Calculate the highest common factor of r and f.
12
Let s = -5149 - -10612. Calculate the greatest common factor of s and 9.
9
Let a = -26 + 29. Suppose 4*t - a*z - 112 = -19, 0 = 2*t + z - 39. Let j be ((-1)/2)/(8/(-336)). What is the greatest common divisor of j and t?
21
Let v(u) = -24 - 29 + 45 + 6 + 117 + u**2 + 18*u. Let t be v(-18). What is the greatest common factor of t and 805?
115
Let c be (-1790)/(-8) - (6/72)/(4/(-12)). Calculate the highest common divisor of c and 288.
32
Suppose 1117*s = 1121*s - 5*m - 1270, 4*m - 1649 = -5*s. Calculate the highest common factor of 1105 and s.
65
Let o = -1516 - -1532. What is the greatest common divisor of 3632 and o?
16
Let s(l) = l**2 + 10*l - 326. Let u be s(-24). Let i(z) = -z**2 - 6*z - 1. Let r be i(-5). Calculate the greatest common factor of r and u.
2
Let r be (49/(28/(-4)))/((-52)/(-56) - 1). Calculate the highest common divisor of r and 1029.
49
Suppose -3566 + 37760 = 139*a. What is the greatest common factor of 656 and a?
82
Let t = -11263 + 12037. What is the highest common divisor of 1634 and t?
86
Let p(o) = o - 2. Let a(r) = 10*r + 20. Let z(s) = a(s) + 6*p(s). Let i be z(5). Calculate the highest common factor of 11 and i.
11
Suppose 533*w + 90 = 530*w. Let p be 16 + (-6)/(w/35). Let b = 162 - 47. Calculate the greatest common factor of p and b.
23
Let j(d) = -2*d - 3. Let p be j(-2). Let y be (-1 - 2)/((-4)/43*81/108). Calculate the greatest common factor of p and y.
1
Suppose 2*b = -b - s + 12, 2*b - 8 = 5*s. Suppose -5*f = 2*g - 12, 3*f - 14 = -b*g + 10. Calculate the greatest common divisor of g and 12.
6
Suppose 0 = 12*s + 192 - 600. Suppose -3*n - s = -z + 57, -2*z = 5*n - 160. What is the highest common divisor of z and 10?
5
Let f be (-1530)/195 + 2/(-13). Let k be (-4)/f*0/1. Let u be (k - 2)*1/(-2). What is the highest common factor of u and 9?
1
Suppose 3*d + 4 = 3*j + 7, j - 19 = -4*d. Suppose -40 = -4*h + j*z, -34 = -3*h - 5*z + 25. What is the greatest common divisor of h and 481?
13
Suppose 24*y + 8 = 22*y. Let o(v) = v**2 - v - 4. Let q be o(y). Suppose 5*a - 70 = -f, -2*f + 4*f - 164 = 2*a. Calculate the greatest common factor of q and f.
16
Let i(a) = -39*a**3 - a**2 - 8*a - 6. Let x be i(-1). Suppose 82 = 5*h + 4*c, -2*h + 3*c = c - x. What is the highest common divisor of h and 2?
2
Suppose y - 189 = -3*u - 4*y, -2*y + 6 = 0. Calculate the greatest common factor of u and 3857.
29
Let j(g) = -3*g - 2. Let v be j(5). Let x = 23 - v. Let k = 53 - x. What is the highest common factor of k and 65?
13
Let n be 353*(-2)/(-6)*-3. Let y = -117 - n. Let c = 364 - y. Calculate the greatest common factor of c and 16.
16
Suppose -28*l + 7*l = l - 624954. What is the highest common divisor of 17 and l?
17
Let z be (92/(-460))/((-1)/(-239)*15/(-75)). Calculate the highest common divisor of z and 42781.
239
Let b = -27 + 19. Let u(w) = -2*w + 18. Let f be u(b). Suppose 348 = 2*r + 4*l - 6*l, -178 = -r + 2*l. What is the greatest common factor of f and r?
34
Suppose 4*j + 10 - 95 = 5*v, 3*j + 5*v = 20. Suppose 5*w - 3044 = 2*h, -j*h + 1223 = 2*w - 14*h. What is the highest common divisor of 10 and w?
10
Suppose -4*g - 16 = -2*z - 2*g, -4*z + g = -23. Suppose 17*d = -87 + 274. Let x = d + z. What is the greatest common fact